
Is 37273697401 prime?
False
Is 1860495937 a prime number?
True
Is 2510572511 a composite number?
False
Is 8778181229 prime?
True
Is 11631801583 a prime number?
True
Is 70941817541 composite?
True
Is 178268213 prime?
True
Is 42711642469 prime?
False
Is 125729619445 prime?
False
Is 17058506947 prime?
False
Is 1535084293 composite?
True
Is 10770281209 composite?
True
Is 2404434733 a prime number?
True
Is 10424367229 composite?
True
Is 122677903 a prime number?
False
Is 3773067611 a prime number?
True
Is 542234093 a composite number?
False
Is 351519923 a composite number?
False
Is 424214789 a prime number?
False
Is 91681063 prime?
True
Is 135737426261 prime?
True
Is 38928990287 composite?
True
Is 1491990403 composite?
False
Is 2844000701 a composite number?
False
Is 67528382 prime?
False
Is 8949393821 a prime number?
True
Is 974914711 prime?
True
Is 42100441601 a composite number?
True
Is 22316183537 prime?
False
Is 811134229 composite?
False
Is 703663783 composite?
True
Is 82075613 prime?
False
Is 88781015591 a prime number?
True
Is 15730614241 a composite number?
False
Is 1430616829 a composite number?
False
Is 1056225991 a composite number?
False
Is 9231059419 composite?
True
Is 530832931 a composite number?
True
Is 495396321773 composite?
False
Is 11724378569 a composite number?
False
Is 25294852261 a composite number?
True
Is 710232967 a prime number?
True
Is 36354428351 a composite number?
False
Is 407627477 a composite number?
False
Is 988151897 a composite number?
False
Is 396304693 composite?
False
Is 51537480133 composite?
False
Is 241991537 a composite number?
False
Is 4189989059 a prime number?
False
Is 3675175121 prime?
False
Is 247793897 prime?
False
Is 8432087779 a prime number?
True
Is 2246841951 composite?
True
Is 320125307 prime?
False
Is 9006875533 composite?
False
Is 60667347659 prime?
True
Is 19515662129 a prime number?
True
Is 24323366483 a prime number?
False
Is 2379509927 a prime number?
False
Is 14611948133 a prime number?
True
Is 3657908854 a prime number?
False
Is 2869055999 prime?
True
Is 10773871 a prime number?
False
Is 20499449122 prime?
False
Is 1701238787 prime?
False
Is 63892417511 prime?
False
Is 7719160739 a prime number?
True
Is 3104796963 a prime number?
False
Is 31162232659 composite?
True
Is 3913032215 a composite number?
True
Is 16232609 composite?
False
Is 17850709433 a prime number?
False
Is 1547980631 a prime number?
False
Is 363453599 a prime number?
False
Is 166035029 prime?
False
Is 1248527 a composite number?
True
Is 23320480611 prime?
False
Is 63073911599 composite?
False
Is 15245832211 a composite number?
False
Is 204666181 a composite number?
False
Is 21928490891 a composite number?
True
Is 28446432373 a composite number?
False
Is 48227092867 a prime number?
True
Is 71082497077 prime?
False
Is 3075998951 a prime number?
True
Is 1618222369 a prime number?
True
Is 204014513 composite?
False
Is 5716929287 a composite number?
False
Is 3605448031 composite?
True
Is 39076941 a composite number?
True
Is 1130778211 prime?
True
Is 5730219773 composite?
False
Is 2060411681 a composite number?
True
Is 10294252399 a prime number?
True
Is 4701234977 composite?
False
Is 41747450233 a composite number?
True
Is 7430058743 composite?
True
Is 175648343 a prime number?
False
Is 485892257 prime?
True
Is 40594820443 a prime number?
False
Is 76020713 prime?
True
Is 8704338931 composite?
False
Is 1215243583 a prime number?
True
Is 30526102559 prime?
True
Is 3589727473 composite?
True
Is 270723301 a composite number?
False
Is 41677985773 a prime number?
True
Is 30113534903 a composite number?
False
Is 41046385399 prime?
False
Is 2103013051 composite?
True
Is 22246056787 a prime number?
True
Is 429142433 composite?
False
Is 2145996759 a prime number?
False
Is 47009561 prime?
False
Is 248338997 composite?
True
Is 659037767 a composite number?
True
Is 38189627077 a prime number?
False
Is 4064478721 composite?
False
Is 8735058481 a prime number?
True
Is 107937881 a composite number?
False
Is 176898013 composite?
True
Is 43359124073 prime?
True
Is 54553020083 a composite number?
False
Is 14789160703 a composite number?
False
Is 40125427897 composite?
True
Is 4029834001 a prime number?
False
Is 220802027077 a prime number?
False
Is 80441983 a composite number?
False
Is 81050801431 a composite number?
True
Is 1816118371 composite?
False
Is 3459243763 a prime number?
True
Is 1097741977 composite?
False
Is 50801062057 prime?
True
Is 4486806493 a composite number?
True
Is 142262872643 a composite number?
False
Is 46011326197 composite?
True
Is 1028551063 composite?
True
Is 158529713 a prime number?
False
Is 175868767 a composite number?
False
Is 5558458429 a prime number?
True
Is 386750498293 a prime number?
True
Is 3672479063 prime?
False
Is 93792916561 a composite number?
True
Is 43620475051 composite?
False
Is 2980327313 a composite number?
False
Is 41267186317 a prime number?
False
Is 1311396661 composite?
True
Is 228014411 prime?
False
Is 14291617147 a composite number?
True
Is 93824211511 a composite number?
True
Is 138942851 prime?
True
Is 4073848867 composite?
True
Is 18462021971 a composite number?
False
Is 82882386157 a composite number?
False
Is 1090140697 composite?
False
Is 40057627865 prime?
False
Is 3397060999 a prime number?
False
Is 1689867493 a composite number?
False
Is 718180954 composite?
True
Is 250299329 composite?
True
Is 90384769687 a composite number?
False
Is 72114312687 prime?
False
Is 42167735503 a prime number?
False
Is 617389559 a prime number?
True
Is 2286665182 composite?
True
Is 730440131 prime?
False
Is 33501542003 prime?
True
Is 427398329 a prime number?
True
Is 28203339 a composite number?
True
Is 3235987399 composite?
False
Is 16351898491 prime?
False
Is 13198173977 a composite number?
True
Is 208684211 a prime number?
True
Is 3781488506 a prime number?
False
Is 13974355613 a composite number?
False
Is 13313294929 a prime number?
False
Is 841120109 a composite number?
True
Is 12498246991 composite?
False
Is 110791123 composite?
False
Is 15804089141 a composite number?
False
Is 1878048373 a prime number?
True
Is 119842907 a prime number?
False
Is 5545508627 a prime number?
False
Is 22559327081 prime?
False
Is 30118471423 a prime number?
True
Is 9950596693 a prime number?
True
Is 1267999883 a prime number?
True
Is 6560038889 a composite number?
False
Is 957447767 a composite number?
True
Is 4130877385 composite?
True
Is 226312123 a prime number?
True
Is 5318845971 prime?
False
Is 28384079381 composite?
True
Is 1178386609 composite?
True
Is 9295799801 a prime number?
False
Is 25449953 prime?
False
Is 38694868813 prime?
False
Is 3818844737 composite?
True
Is 16379907823 a composite number?
False
Is 725716759 composite?
True
Is 68688421609 composite?
True
Is 323875463 a composite number?
True
Is 11950607 a prime number?
True
Is 2716796141 composite?
False
Is 1953203927 a composite number?
False
Is 65614859 prime?
True
Is 208324889 a prime number?
True
Is 2551613777 a composite number?
False
Is 71352439681 prime?
False
Is 368329517 composite?
True
Is 50075712377 a prime number?
True
Is 6935942539 composite?
True
Is 57836361461 a prime number?
False
Is 119182225849 a composite number?
False
Is 185141381 composite?
False
Is 6945905517 a composite number?
True
Is 18890134561 a prime number?
True
Is 56112279523 a prime number?
False
Is 112134593 prime?
True
Is 8854198313 a composite number?
False
Is 2492713109 a prime number?
True
Is 4083668653 prime?
False
Is 33033285853 composite?
False
Is 228044759 a prime number?
True
Is 3830529907 a prime number?
False
Is 14958106111 prime?
False
Is 2572591097 prime?
True
Is 1097100619 prime?
False
Is 10840256597 a composite number?
False
Is 10724564395 prime?
False
Is 10830672091 composite?
False
Is 9956718953 a composite number?
True
Is 186077180119 composite?
False
Is 729349373 composite?
False
Is 10489791479 a composite number?
False
Is 10537000733 a prime number?
False
Is 38195929741 a composite number?
False
Is 67714871395 composite?
True
Is 2112266357 a composite number?
False
Is 923232353 prime?
False
Is 1888751523 a composite number?
True
Is 15858631949 composite?
False
Is 23557727 a composite number?
True
Is 5025829253 prime?
False
Is 50954170481 pr